 Let l = -476 - f. What is the remainder when 51 is divided by l?
23
Suppose -6*s + 1694 = 452. Let n = 223 - s. Calculate the remainder when 18 is divided by n.
2
Let q(p) = -p + 1. Let x be q(-5). Let d(h) = h**2 + 16*h + 19. Let o be d(-15). Calculate the remainder when 42 is divided by (o - 2)*27/x.
6
Suppose 4*q = -4, -9*q + 5*q + 92 = 6*z. What is the remainder when 177 is divided by z?
1
Let l(b) = b**2 + 17*b + 43. Let n(q) = 9. Let p(a) = a - 19. Let w(i) = 7*n(i) + 3*p(i). Calculate the remainder when l(-19) is divided by w(12).
39
Suppose 5*l = -234 - 931. Let o = -219 - l. What is the remainder when o is divided by 3?
2
Let f(z) = 11*z**2 - 1141*z - 6857. Calculate the remainder when f(-6) is divided by 149.
87
Suppose -863 = 6*k - 875. Suppose 61 = k*m + 4*r - 65, -r - 101 = -2*m. What is the remainder when 177 is divided by m?
18
Suppose 9*t - 15 = 4*t. Let q be t/((-15)/10 - -3). Suppose -o = -5*m - 5*o + 135, 4*m = q*o + 134. What is the remainder when 103 is divided by m?
10
Let t = -7282 - -7303. What is the remainder when 10981 is divided by t?
19
Let g = -3380 - -3811. What is the remainder when g is divided by 74?
61
What is the remainder when 306 is divided by -7 + (64 + 12 - -2)?
22
Let t = 100 + -96. Let i(h) = -h**3 + 8*h**2 + 2*h + 3. What is the remainder when i(t) is divided by (1 - 2)/((-3)/60)?
15
Suppose -h - k + 48 = 0, 2*k = -215*h + 214*h + 52. Calculate the remainder when h is divided by (-37)/(-3) + 1*5/(-15).
8
What is the remainder when -94*(36/(-15) + (-20)/200) is divided by 90?
55
Suppose 3*s + 2*q - 584 = 0, 4*s + 0*q = 3*q + 807. What is the remainder when 69 is divided by s/14 + (11 - (-312)/(-28))?
13
Let q = -13121 + 13125. Suppose 4*j + 2*a = 243 - 91, 0 = -5*a. Calculate the remainder when j is divided by q.
2
Suppose -5 = -2*n - 3*n, 23 = 4*p + 3*n. Suppose p*i + 671 = -3*r + 5*r, -2*r + 4*i = -668. Calculate the remainder when r is divided by 11.
9
Suppose -4*q - 1 + 5 = 0. Suppose p - 123 = -4*w - 23, 4*p = -w + 25. What is the remainder when (-3)/5 + 65/w is divided by q?
0
Suppose -330 = -5*d - 25*d. Let z = 5 - -22. Calculate the remainder when 2031/z + (-4)/18 is divided by d.
9
Let h(s) = -2*s**2 + 14*s + 8. Let w be h(8). Let p = 133 + -130. What is the remainder when 294/24 - ((-2)/1)/w is divided by p?
0
Let h = -33673 - -34133. What is the remainder when h is divided by 149?
13
Suppose -w - 4*f = -2524, 21*f - 17*f - 5056 = -2*w. Suppose 0 = -30*s + 18*s + w. Calculate the remainder when s is divided by 36.
31
Suppose -61*b + 123648 = -5*b. What is the remainder when b is divided by 13?
11
Let t = 489 - 12. Suppose 0*g - t = -9*g. What is the remainder when g is divided by 49?
4
Let l(w) = -5*w + 28. Let u be l(5). Suppose 2*o = u*p + 28, -4*p - 88 = -5*o - p. What is the remainder when 75 is divided by o?
15
Let t = -220 - -1870. Suppose 4*w + 4*k - 1058 = t, -2*k = -4*w + 2684. What is the remainder when w is divided by 25?
23
Suppose 2 = 2*j, j - 16 = 8*l - 3*l. Let d = -3 - -20. What is the remainder when l/(-1) + 3*305/15 is divided by d?
13
Let n = 731 - 491. Suppose 0*l - n = -5*l. Calculate the remainder when l is divided by 5.
3
Suppose -3*l + 108 + 111 = 0. Suppose -3*u - 88 = -2*h - 5*u, 2*h + 3*u = 91. Suppose h - 152 = -3*w. What is the remainder when l is divided by w?
36
Let y(m) = m**3 - 11*m**2 - 17*m - 16. Let d be y(15). Let v = -554 + d. Calculate the remainder when v is divided by 10.
5
Suppose 0 = i - 10 - 2. Let t be (40/i)/(3 - 28/12). Suppose 3*q + 5*n - 87 = 0, -q + n - 99 = -t*q. Calculate the remainder when 119 is divided by q.
23
Let u = 1387 - 1362. Let d be (-9)/3 + 5 - -2. Suppose s - 487 = -d*r, -s - 2 = s. Calculate the remainder when r is divided by u.
22
Let d be 6*(92/3 + -3). Suppose -174 = -2*q - d. Calculate the remainder when 39 is divided by q.
3
Suppose 3*m + 10*b = b + 27639, -b - 6 = 0. Calculate the remainder when m is divided by 18.
15
Suppose -171*p + 141*p = 162*p - 7488. What is the remainder when 127 is divided by p?
10
Let u = 535 + -536. What is the remainder when 982/2*1 + (3 - u) is divided by 71?
69
Suppose 5*s - 9 - 56 + 0 = 0. What is the remainder when 3208 is divided by s?
10
Suppose b + 610*y = 614*y + 12, b = -4*y + 20. Calculate the remainder when 269 is divided by b.
13
Let n = -25764 - -25907. Calculate the remainder when 15299 is divided by n.
141
Let z = 111 + -109. Suppose -z*p - p = -9. Let f = 12 + 9. Calculate the remainder when f is divided by p.
0
Let a = -240 + 405. Let q(v) = -v**3 - 21*v**2 - 19*v + 25. Let y be q(-20). Calculate the remainder when a is divided by 212/5 + (-2)/y.
39
Let w = -15 + 14. What is the remainder when 42 is divided by (w/((-15)/190))/(2/3)?
4
Suppose -5*z + 3*r = -3552, 2493 = 3*z + r + 373. Suppose 0 = -52*b + 49*b + z. Calculate the remainder when b is divided by 40.
36
Let f(m) = m - 1. Calculate the remainder when f(16) is divided by 1.
0
Suppose 103918*h - 103902*h - 5648 = 0. Calculate the remainder when h is divided by 1/(-1*1/(-59)).
58
Suppose -48 = -58*b + 46*b. Calculate the remainder when 153 is divided by (-16)/(4 + b) - (-26 + -2).
23
Let o be (-8019)/22*2/(-3). Suppose 3*i + 2*r + 55 - o = 0, -5*i = -5*r - 355. What is the remainder when i is divided by 17?
15
Suppose -360 = -20*h - 10*h. Let x be (-350)/(-4)*8/10. Let y = x + -40. Calculate the remainder when y is divided by h.
6
Let q = 185 - 412. Let g = q - -274. Calculate the remainder when g is divided by 5.
2
Let x(a) = -7*a - 19. Let l(f) = -f + 2. Let d(o) = 6*l(o) - x(o). Calculate the remainder when 124 is divided by d(-19).
4
Let d = 2572 + -2367. What is the remainder when 213 is divided by d?
8
Suppose -5*n + 20 = 0, -35*n = 4*o - 30*n - 3956. What is the remainder when o is divided by 76?
72
Let s be 48/(-10) + 3/45*-3. Calculate the remainder when (875/s + -4)/(-1) is divided by 32.
19
Let w(z) = -6*z**3 - 26*z**2 - 14*z - 12. Let p(c) = -2*c**3 - 9*c**2 - 5*c - 4. Let i(b) = -17*p(b) + 6*w(b). What is the remainder when i(-3) is divided by 7?
6
Let l(i) = -i**3 - 27*i**2 - 35*i + 79. Calculate the remainder when l(-28) is divided by 41.
39
Let g = -23 + 299. Calculate the remainder when 2197 is divided by g.
265
Let y be ((-2)/(-3))/((-3)/9). What is the remainder when 60/(1 + y/4) is divided by (1353/41 + -32)/(((-6)/(-82))/3)?
38
Let d = 119 + -30. Let k = d + -64. Let z = 176 - 103. What is the remainder when z is divided by k?
23
Let g be (11/3 + -3)*(0 - -27). Calculate the remainder when 312/4*(-3)/(g/(-26)) is divided by 31.
28
What is the remainder when 1295 is divided by -7*((-80)/28 + 2)?
5
Suppose 0 = j, -208 = -b + 3*j + 182. Calculate the remainder when b is divided by 102.
84
Let b = -37915 - -38077. Suppose -116 - 99 = -5*p. Calculate the remainder when b is divided by p.
33
Suppose 0 = 4*y - 85 + 17. Suppose 77*u - 85*u = -56. Suppose -u*v + 76 - 13 = 0. Calculate the remainder when y is divided by v.
8
Let q be 5/(-15)*3 - -4. Let z(s) = 6 + 3*s**q - 2*s**3 - 8*s**2 - 69*s + 64*s. Calculate the remainder when z(9) is divided by 11.
9
Let p be 4/(-12) - (-514)/3. Let x(q) = q**2 - 6 + 92*q - p*q + 86*q. What is the remainder when 2 is divided by x(-8)?
0
Let z(f) = 9 + 19*f - 69 - 6*f + 18*f. Calculate the remainder when z(4) is divided by 54.
10
Let z be 1/(1/24*1). Suppose c - z = -c. Let a(n) = n**2 - 282*n + 9279. Calculate the remainder when c is divided by a(38).
5
Let u(r) be the first derivative of -r**4/4 - 5*r**3/3 - r**2/2 + 4. Let k be u(-5). Suppose b = -k*b + 48. What is the remainder when 13 is divided by b?
5
Suppose 2*x = 19*x - 1938. Let d = x - 102. Let w = -8 + 40. What is the remainder when w is divided by d?
8
Let c = -14 - 12. Let p(m) = -m**2 - 19*m - 3. Calculate the remainder when 13/(c/(-108)) - -4 is divided by p(-18).
13
Suppose -7 = 3*y + l, -4*l + 9*l = 2*y + 33. What is the remainder when y*(-2)/(-36) + (-2312)/(-36) is divided by 18?
10
Let n(b) = 8*b**2 + 30*b + 153. Let o = 156 + -130. Calculate the remainder when n(-7) is divided by o.
23
Let w(r) = 5*r**3 + 224. Calculate the remainder when w(0) is divided by 12.
8
Let q(n) = 7*n**2 - 41*n + 110. Calculate the remainder when q(6) is divided by 60.
56
Let b = -12 + 17. Suppose b*q - 95 = 5*h, 0 = 